the remainder when 8832 is divided by 1939?
1076
What is the remainder when 78067618 is divided by 20?
18
What is the remainder when 1084988 is divided by 77449?
702
What is the remainder when 115739 is divided by 115638?
101
What is the remainder when 71158799 is divided by 324926?
5
What is the remainder when 144692 is divided by 1443?
392
Calculate the remainder when 16328644 is divided by 4082156.
20
Calculate the remainder when 673899 is divided by 673760.
139
Calculate the remainder when 1281789 is divided by 28.
5
What is the remainder when 83434159 is divided by 27811383?
10
What is the remainder when 21524974 is divided by 428?
426
Calculate the remainder when 1152324014 is divided by 5.
4
What is the remainder when 22317053 is divided by 7438999?
56
What is the remainder when 410294 is divided by 700?
94
Calculate the remainder when 1827483 is divided by 26485.
18
Calculate the remainder when 12634688 is divided by 4211472.
272
What is the remainder when 120641 is divided by 23437?
3456
Calculate the remainder when 7615020 is divided by 2447.
2403
Calculate the remainder when 23997868 is divided by 954.
952
Calculate the remainder when 187575 is divided by 11672.
823
Calculate the remainder when 6831199 is divided by 38.
15
What is the remainder when 549846 is divided by 182619?
1989
What is the remainder when 2472566 is divided by 2472518?
48
What is the remainder when 20845 is divided by 6792?
469
What is the remainder when 4789096 is divided by 11242?
4
Calculate the remainder when 14754180 is divided by 312.
12
Calculate the remainder when 29230 is divided by 8652.
3274
Calculate the remainder when 5587640 is divided by 214909.
6
Calculate the remainder when 354817 is divided by 58787.
2095
What is the remainder when 36280 is divided by 1519?
1343
Calculate the remainder when 203034188 is divided by 1226.
6
Calculate the remainder when 2631412 is divided by 168.
28
What is the remainder when 25890 is divided by 239?
78
Calculate the remainder when 234210 is divided by 201.
45
What is the remainder when 4285025 is divided by 44?
41
Calculate the remainder when 1173940 is divided by 167499.
1447
What is the remainder when 191190 is divided by 297?
219
What is the remainder when 193898 is divided by 6897?
782
What is the remainder when 13386138 is divided by 2231021?
12
What is the remainder when 51698928 is divided by 1186?
2
Calculate the remainder when 2121054 is divided by 963.
528
Calculate the remainder when 526781 is divided by 526767.
14
Calculate the remainder when 62384942 is divided by 62384903.
39
Calculate the remainder when 219910180 is divided by 66903.
19
Calculate the remainder when 635424 is divided by 54.
6
What is the remainder when 32627107 is divided by 32627098?
9
What is the remainder when 34122060 is divided by 10?
0
What is the remainder when 112996 is divided by 422?
322
Calculate the remainder when 24830 is divided by 7430.
2540
Calculate the remainder when 1832770 is divided by 12.
10
What is the remainder when 170647783 is divided by 33?
31
What is the remainder when 3718501 is divided by 49?
38
What is the remainder when 29857 is divided by 7438?
105
Calculate the remainder when 5469243 is divided by 7.
3
Calculate the remainder when 142504 is divided by 1732.
480
Calculate the remainder when 14461 is divided by 2819.
366
What is the remainder when 89282446 is divided by 12?
10
Calculate the remainder when 298017 is divided by 1468.
13
What is the remainder when 71127 is divided by 13779?
2232
What is the remainder when 1416237 is divided by 689?
342
Calculate the remainder when 69611 is divided by 2482.
115
What is the remainder when 1334226419 is divided by 8826?
8825
What is the remainder when 2145758 is divided by 47683?
23
What is the remainder when 193387476 is divided by 336?
324
Calculate the remainder when 1596354 is divided by 511.
501
Calculate the remainder when 1048303 is divided by 11394.
55
Calculate the remainder when 252313 is divided by 120202.
11909
Calculate the remainder when 169184583 is divided by 318.
315
Calculate the remainder when 870562 is divided by 4815.
3862
Calculate the remainder when 1129324 is divided by 272.
252
What is the remainder when 95750 is divided by 1297?
1069
What is the remainder when 2935868 is divided by 244638?
212
Calculate the remainder when 183018 is divided by 22871.
50
Calculate the remainder when 715585 is divided by 4500.
85
Calculate the remainder when 2034038 is divided by 75334.
20
Calculate the remainder when 44570949 is divided by 1842.
75
What is the remainder when 549350 is divided by 14455?
60
What is the remainder when 6089476 is divided by 195?
16
Calculate the remainder when 4332532048 is divided by 14.
12
What is the remainder when 959366 is divided by 479683?
0
Calculate the remainder when 74540 is divided by 24485.
1085
What is the remainder when 1894649 is divided by 256?
249
Calculate the remainder when 184895 is divided by 342.
215
What is the remainder when 9942306 is divided by 2535?
36
Calculate the remainder when 35960620 is divided by 11986855.
55
What is the remainder when 2042488 is divided by 29178?
28
What is the remainder when 23745862 is divided by 1658?
1644
Calculate the remainder when 7124 is divided by 3083.
958
What is the remainder when 33054234 is divided by 9?
6
Calculate the remainder when 2117876 is divided by 423575.
1
What is the remainder when 23453792 is divided by 434?
432
What is the remainder when 146177 is divided by 1541?
1323
What is the remainder when 5932888 is divided by 1483220?
8
What is the remainder when 2876051 is divided by 1029?
1025
Calculate the remainder when 941364 is divided by 425.
414
What is the remainder when 371391 is divided by 18565?
91
What is the remainder when 474865 is divided by 52751?
106
Calculate the remainder when 5928720 is divided by 614.
550
Calculate the remainder when 147001 is divided by 897.
790
Calculate the remainder when 62640 is divided by 20849.
93
What is the remainder when 145084 is divided by 260?
4
Calculate the remainder when 5782929 is divided by 212.
205
What is the remainder when 309259 is divided by 154573?
113
What is the remainder when 84046 is divided by 411?
202
Calculate the remainder when 247507 is divided by 61874.
11
What is the remainder when 32688010 is divided by 6000?
10
What is the remainder when 1224234 is divided by 64?
42
Calculate the remainder when 1953565 is divided by 1043.
26
Calculate the remainder when 153284 is divided by 17028.
32
What is the remainder when 48263298 is divided by 867?
9
Calculate the remainder when 37203920 is divided by 167.
161
What is the remainder when 71730954 is divided by 1413?
9
Calculate the remainder when 11886022 is divided by 1649.
30
Calculate the remainder when 347997 is divided by 1652.
1077
Calculate the remainder when 63329 is divided by 5685.
794
Calculate the remainder when 1275349 is divided by 182190.
19
What is the remainder when 506173 is divided by 506153?
20
Calculate the remainder when 528600 is divided by 249.
222
What is the remainder when 5359862 is divided by 522?
488
What is the remainder when 7399 is divided by 7143?
256
What is the remainder when 3518146 is divided by 77?
16
What is the remainder when 20146922 is divided by 1678900?
122
What is the remainder when 113756 is divided by 2982?
440
What is the remainder when 7698297 is divided by 48416?
153
Calculate the remainder when 251742 is divided by 76.
30
Calculate the remainder when 98813308 is divided by 13.
9
What is the remainder when 2142597 is divided by 23289?
9
Calculate the remainder when 24564 is divided by 4895.
89
What is the remainder when 8294695 is divided by 1083?
1081
What is the remainder when 94596 is divided by 1143?
870
What is the remainder when 125384849 is divided by 9?
8
Calculate the remainder when 3523385 is divided by 51.
50
What is the remainder when 210515 is divided by 1472?
19
Calculate the remainder when 395100 is divided by 192.
156
What is the remainder when 11341242 is divided by 630065?
72
Calculate the remainder when 559587 is divided by 85.
32
What is the remainder when 433380 is divided by 1611?
21
What is the remainder when 198514679 is divided by 7644?
7643
What is the remain